Let r = t + f. What is the remainder when 2 is divided by r?
0
Let q = -36 + 64. Let m = -1219 - -1329. Calculate the remainder when m is divided by q.
26
Let q = -255 - -295. Let i(d) = -2*d**3 - 3*d**2 + 4*d - 1. Calculate the remainder when q is divided by i(-3).
12
Suppose 181 = 2*t - 3*a, -2*t + 78 = -t - 4*a. What is the remainder when t is divided by 26?
20
Let v(k) = -6*k - 28. Calculate the remainder when 190 is divided by v(-10).
30
Suppose 4*h = -2*t + 2*h + 6, 4*t = -2*h + 22. What is the remainder when 23 is divided by t?
7
Suppose 14*a = 9*a + 220. Suppose 0 = -w - w + a. Suppose -14 = -x - 2*d, 5*x - d = d + w. Calculate the remainder when 22 is divided by x.
4
Let n(u) = -6*u + 92. What is the remainder when 81 is divided by n(8)?
37
Suppose 0 = 5*j - 9*j + 8. Suppose -2*m - 2*m + j*y + 170 = 0, -y = -m + 41. What is the remainder when m is divided by 9?
8
Suppose 0 = -14*j + 1209 + 2053. Calculate the remainder when j is divided by 59.
56
Suppose -210 = -22*n + 12*n. Suppose 0 = 2*k - 11 + 1. Suppose k*b = 2*b + n. What is the remainder when 25 is divided by b?
4
Let a(j) = 75*j**2 - j - 1. Let p = -50 + 76. What is the remainder when a(-1) is divided by p?
23
Let t = 5 - 5. Suppose -5*b + 28 = v, 4*v = -2*b - t*v + 4. Calculate the remainder when 33 is divided by 71/b - (-4)/24.
9
Suppose -5*r = -0*r - 10. Suppose -r*u + 5 = -9. What is the remainder when 10 is divided by u?
3
Let k = -136 - -141. Suppose -a = -k*a + 64. What is the remainder when 157 is divided by a?
13
Suppose -2*b + 1 + 23 = 0. Let l be b/(-9)*(-27)/3. Calculate the remainder when 51 is divided by 33/11 - (2 - l).
12
Suppose -5 = p - 9. Suppose 32 - 92 = -p*x. Suppose 4*d = 4*l + d - 291, 0 = -l + 3*d + 75. Calculate the remainder when l is divided by x.
12
Let q = -38 + 38. Suppose -5*h - 5 = -q*h, 4*h = -x + 3. Calculate the remainder when 4*((-13)/2)/(-1) is divided by x.
5
Let w = 6 + -1. Calculate the remainder when 0/50 - 17/(-1) is divided by w.
2
Let f = -103 - -159. Suppose -f = -2*u - 6*u. Calculate the remainder when 41 is divided by u.
6
Suppose 0 + 8 = 2*q. Suppose 0*n + 216 = 3*n + 3*m, q*m = -2*n + 140. What is the remainder when n is divided by 15?
14
Let n(t) = 47*t**2 + 2*t + 1. Suppose -3*y - 17 = 2*j + 2*y, 0 = j + 4*y + 13. Calculate the remainder when n(j) is divided by ((-5)/(-10))/((-1)/(-24)).
10
Let d(x) = x**3 - x**2 - 4*x - 19. What is the remainder when d(8) is divided by 57?
55
Suppose -113*y + 123*y - 120 = 0. Calculate the remainder when 174 is divided by y.
6
Let m = -42 + 74. Let u = -10 + m. Suppose -u - 14 = -3*h. Calculate the remainder when 33 is divided by h.
9
What is the remainder when 7 - (11/33)/((-2)/36) is divided by 7?
6
Suppose 3*b + 3*j + 50 = -2*j, 3*b = 5*j - 40. Let n = 135 - 51. What is the remainder when n is divided by 178/6 - (-10)/b?
26
Suppose -2*w = 3*w + 30. What is the remainder when (13*-10)/(6*2/w) is divided by 22?
21
Suppose -12*h = -13*h - 6. What is the remainder when h/9 + 1114/6 is divided by 47?
44
Suppose -5*m + 424 - 124 = -3*s, m = -2*s + 47. Let b = -35 + m. What is the remainder when b is divided by 12?
10
Let n(u) be the first derivative of -u**4/4 - 7*u**3/3 - 9*u**2/2 - u + 1. Let p = 214 + -220. What is the remainder when 49 is divided by n(p)?
15
Let b = -1184 - -1264. What is the remainder when b is divided by 2?
0
Suppose -4*v - v - 16 = -2*b, -4*v - 8 = 0. Suppose 3*l + 66 = b*i, -4*i + l = -0*i - 85. What is the remainder when 62 is divided by i?
20
Let u = -17 + 19. Suppose 0 = 3*p - 4*t - 81, 2*p - u*t = 3*p - 17. What is the remainder when p is divided by (8 - -1)/((-15)/(-20))?
11
Let y be 12/108 - (-1)/(-9). Suppose y = j - 4*q - 29, 35 = 8*j - 3*j + 2*q. Calculate the remainder when 25 is divided by j.
7
Suppose 126 = 5*w + 3*t, w - 15 = -0*w - 4*t. Let g = -8 + w. What is the remainder when g is divided by 10?
9
Let x(s) = s**2 + s - 6. What is the remainder when 143 is divided by x(5)?
23
Let n(d) = d**3 + 22*d**2 - 20*d - 239. Let w = -9 - -26. Calculate the remainder when n(-22) is divided by w.
14
Let t be 4 + (-1 - -2)*-2. Suppose t*b = -3*b + 25. Let k(s) = 7*s - 15. What is the remainder when k(b) is divided by 6?
2
Calculate the remainder when ((-22)/44)/(2/(-1656)) is divided by 57.
15
Let w(r) = 3*r + 7. Suppose 0 = -x - 5*u + 111, -2*x + 10*u + 234 = 14*u. What is the remainder when x is divided by w(6)?
21
Suppose h - 4*h + 6 = 0. Suppose 2*u = u + h. What is the remainder when 11 is divided by (-12 - 3)*u/(-5)?
5
Let x(t) = -t. Let r be 54/(-15)*10/(-4). Let z(v) = v**2 - 8*v - 7. Calculate the remainder when x(-3) is divided by z(r).
1
Let g(d) = -8*d - 19. Let f be g(-3). Suppose 3*k - a - 291 = -31, 4*a - 439 = -f*k. Calculate the remainder when k is divided by 22.
21
Let b = -59 + 60. Let u = 10 - 10. Suppose u = -0*r - r + 1. What is the remainder when r is divided by b?
0
Let x(f) = f - 16. Let w be x(18). Suppose -w*a + a = 2. Calculate the remainder when 18 is divided by a/(-3) + (-19)/(-3).
4
Suppose 762*s - 754*s - 272 = 0. Calculate the remainder when 474 is divided by s.
32
Let v(c) = 4*c - 7. Suppose 6 = 11*i - 9*i. Calculate the remainder when 9 is divided by v(i).
4
Let a be -24*(2/(-3))/2. Suppose -6 = -2*v + a. Suppose h - 2*h + v = 0. Calculate the remainder when 19 is divided by h.
5
Let s(g) = 99*g - 353. What is the remainder when s(5) is divided by 7?
2
Let f(n) = -n**3 - n**2 + 2*n - 4. Let t = 40 - 43. What is the remainder when 15 is divided by f(t)?
7
What is the remainder when 639 is divided by (-9 + -309)/((-3)/2)?
3
Suppose 75*s = 87*s - 804. What is the remainder when s is divided by 8?
3
Let u(d) = 18*d - 17. Let b(w) = w - 7. Let t be b(4). Let z be (-2 + -12)*t/6. Calculate the remainder when u(z) is divided by 28.
25
Let t(i) be the second derivative of -i**3/6 - i**2/2 + 8*i. Let v be t(-3). What is the remainder when 53 is divided by 18/(-4*v/(-4))?
8
Let h(s) = -s**3 + 8*s**2 + 2*s. Suppose -2*c - 985 + 979 = 0, -3*r - 5*c + 111 = 0. Calculate the remainder when r is divided by h(8).
10
Let s(c) = -c**2 + 4*c + 146. What is the remainder when 73 is divided by s(-9)?
15
Let t(w) = -7*w + 95. Calculate the remainder when 253 is divided by t(11).
1
Let c = 60 + -26. What is the remainder when c is divided by 6?
4
Suppose 0 = -2*p - 0 - 46. Let f = p - -78. Let r = f + -39. Calculate the remainder when 31 is divided by r.
15
Suppose -7*r = -74*r + 1742. Calculate the remainder when 376 is divided by r.
12
Let d(n) = -n**3 - 3*n**2 - 5*n + 4. Let x be d(-5). Let g = x + -66. Calculate the remainder when ((-1 - -2) + -8)*-7 is divided by g.
10
Let s be 0 - 4/(2/1). Let q = 3 - s. Calculate the remainder when (-2)/(-9) - 158/(-18) is divided by q.
4
Calculate the remainder when 1498 is divided by (6 - 12 - -25) + (0 - 4).
13
Let n(a) = -87*a**3 - 87*a**3 - 2 - 3*a + 155*a**3. Calculate the remainder when n(-1) is divided by 11.
9
Let z = -263 - -312. What is the remainder when z is divided by 27?
22
Suppose -3*c + 8 = 2. Let v(o) = -2*o**2 + 5*o + 4 + 2*o + o**2. What is the remainder when v(7) is divided by c?
0
Let m(p) = -p. What is the remainder when 2/13 + 8304/104 is divided by m(-14)?
10
Let s be (-120)/(-28) - (1 - 10/14). Suppose s*q + j - 283 = 0, 0*q + 5*j = q - 76. Calculate the remainder when q is divided by 24.
23
Suppose -3*j = 3*z - 162, 3*j + 233 + 4 = 4*z. Let c(b) = b + 13. Let n be c(-7). Calculate the remainder when z is divided by 122/n - (-5)/(-15).
17
Let t(x) = -x**3 - 10*x**2 + 11*x + 8. What is the remainder when 46 is divided by t(-11)?
6
Let n = -973 - -996. What is the remainder when 1*1*(2 - -41) is divided by n?
20
Let x = -104 - -174. Suppose 0 = -0*a - 3*a + d + 214, a + d = x. What is the remainder when a is divided by 18?
17
Let o = -36 + 76. Suppose 3*j + 626 = 4*h, -121*j - 624 = -4*h - 117*j. Calculate the remainder when h is divided by o.
38
Let c = -24 - -56. Suppose 5*j - c = 4*j. Suppose 4*l - 64 = -m - m, 5*l - 2*m = 89. What is the remainder when j is divided by l?
15
Suppose 2*d + k - 56 + 28 = 0, d + 5*k = 14. What is the remainder when d is divided by 1 - 2*-2 - -1?
2
Let p(i) = i**3 + 27*i**2 - 63*i - 12. Calculate the remainder when p(-29) is divided by 27.
25
Let u = 14 